2*f - d = 7*z - 10*z. Is f a composite number?
True
Suppose 2*f = -7*f + 441630. Suppose -21*q = -f - 28441. Is q a prime number?
True
Let g(r) = 173*r**2 + 35*r - 19. Let m(p) = 58*p**2 + 12*p - 6. Let s(u) = 4*g(u) - 11*m(u). Let h be s(7). Is 8/24 - h/(-6) prime?
True
Let c = 6027 - -4644. Is c a prime number?
False
Let l = -8818 + 19505. Is l a prime number?
True
Let b(m) = 247*m**2. Let q be b(-1). Let k(t) = -131*t**3 + 2*t**2 - 13*t - 14. Let a be k(-1). Suppose s = q + a. Is s a composite number?
False
Let l(d) = 158*d**2 + 9*d - 18. Let b be (1/((-2 - -3)/7))/(-1). Is l(b) a composite number?
True
Suppose -s + 3*c + 139370 = 0, -4*s = -6*c + 4*c - 557550. Is s prime?
False
Let t be (-144)/(-63) - 4/14. Suppose 0 = 3*x + 9, -3*m + 8*m - t*x - 6 = 0. Suppose 4*y - 4211 = -m*i - 3*i, -2*y + 5*i + 2073 = 0. Is y composite?
False
Let y(c) = 2*c**3 - 12*c**2 - 60*c - 61. Is y(21) a composite number?
False
Let x(r) = -163*r**3 - 25 - 59 + 82 - 10*r**2 - 6*r. Is x(-3) prime?
True
Let c = 7174 - 4475. Is c composite?
False
Let g = -127193 - -83288. Is (4 - (-68)/(-16)) + g/(-20) a prime number?
False
Suppose -558*j - 5230 = -559*j. Suppose j = 6*a - 6566. Is a composite?
True
Let p = 11573 + -35479. Is (-4)/(-1 + p/(-23914)) prime?
False
Let r(n) = -192569*n + 4228. Is r(-3) prime?
False
Let p be -2*(3 + -4)*9/6. Let h(o) = -17*o**2 - 27*o - 7*o**3 + 1 + 27*o**3 - 18*o**p. Is h(13) composite?
False
Let m(a) = 35*a**3 + 40*a - 23. Let f be m(10). Suppose -f = -21*x + 4*x. Is x a prime number?
True
Is (-9)/(-27) - (-6140790)/27 prime?
False
Let g(l) = -4449*l**3 + 8*l**2 + 6*l. Let j be g(-1). Let p = j - 2934. Is p composite?
True
Is (453401 + 26 + 1)*2/8 composite?
False
Let v(w) = w**3 + 23*w**2 + 25*w + 45. Let r be v(-22). Let o(j) = -106*j + 46. Let y be o(r). Suppose 5*a - y = 1093. Is a composite?
False
Let j(d) be the second derivative of 9*d**4 + 11*d**3/6 + 17*d**2/2 + 2*d - 2. Is j(-6) composite?
True
Is (-3 - (1 + -6))/((-20)/(-2728070)) composite?
False
Suppose 3*h + 2*y = -10, -4*h - 10 = 2*y - 0. Is (h - -1)/(40/148760) prime?
True
Suppose 0 = -4*p + u + 311646, 3*u = 4*p + 4*u - 311642. Is p prime?
False
Suppose k = -f - 1, 0*k - 2 = -4*f - 2*k. Suppose f*i + 2*y - 4406 = -0*y, 11021 = 5*i + 3*y. Is i composite?
True
Suppose 0 = 4*a - 4*u - 177952, -5*u + 46121 - 135088 = -2*a. Is a a prime number?
True
Let r = 297876 + -171107. Is r prime?
False
Let i = 372 - 363. Is (1/i)/((-3)/9)*-957 composite?
True
Is (-240)/600 + 111411/15 a prime number?
False
Let v be (45/(-90))/(1/(-10)). Suppose -j - l = 4*j - 10872, v*l - 10880 = -5*j. Is j composite?
True
Let y(a) = a - 13. Let i be y(-3). Let x(w) = -w**3 - 21*w**2 - 12*w + 1. Let s be x(i). Let v = s + 2020. Is v prime?
False
Suppose 5*f = -0*f. Suppose -5*j + 1321 + 19 = f. Suppose 0 = 3*y - 2*h - j + 21, 5*y - 4*h = 411. Is y a composite number?
False
Suppose 0 = b + 653 + 282. Let v(c) = 11*c**3 + 9*c**2 + c - 28. Let n be v(-6). Let l = b - n. Is l a prime number?
True
Let a = 36 + -36. Suppose a = 4*k - 9239 - 1805. Is k a composite number?
True
Is 17/((-4335)/(-15998985)) - 4/34 a prime number?
False
Suppose 0 = 5*g - p - 128709, 128701 = 2*g + 3*g + p. Is g prime?
True
Suppose -1354392 = -4*c - t, 12*c - 1692977 = 7*c + 2*t. Is c composite?
True
Let u(h) = -3*h**3 - 2*h**2 - h. Let k be u(-1). Suppose 4*r = 2*w - 6, 4 = 2*w + k*r - 2. Suppose 3*t + t + 241 = w*z, -4*z = 4*t - 312. Is z prime?
True
Let z be (-2 - 98)/(-5) - 2. Let y be 308024/48 - 3/z. Let p = y + -4238. Is p a composite number?
False
Is 5456*(-172)/(-8) + -6 + 9 a prime number?
True
Suppose 27 = 4*b - 3*l - 0, -23 = -b + 4*l. Suppose b*d + 4*f - 2703 = 0, -d + 2*f - 4505 = -6*d. Is d a composite number?
True
Let p be (30616/(-12))/(2/(-6)). Let k = p + -14850. Let l = k + 13545. Is l a prime number?
False
Suppose -60 = -16*w + 12*w. Suppose 5*r + 2*p - w = 0, -p = -2*p. Suppose 5*l = -4*q + 5265, -2*l - 1313 = 2*q - r*q. Is q composite?
True
Let j(y) = y**2 + 8*y + 18. Let m be j(-9). Suppose 0 = 33*v - m*v - 9822. Is v a composite number?
False
Suppose -110904 = -56*s + 653681 + 58503. Is s prime?
False
Suppose 209*p - 80*p - 5860599 = 0. Is p a prime number?
False
Is ((-29)/((-1508)/5678166))/(6/4) composite?
False
Let z be 78445 - (-3 + (-10)/(-3))*6. Let y = -27364 + z. Is y prime?
False
Suppose -4*h = 3*f + 3, 2*h + 3*f + 1 = 2*f. Let d be (998 - h)/(2/(-2)*1). Let l = d + 1524. Is l a composite number?
True
Let l = 147983 - 104650. Is l composite?
True
Let x(c) = 2210*c + 269. Let d be x(14). Suppose -7*y + d + 35900 = 0. Is y a prime number?
True
Let b(m) = 144*m**2 + 74*m + 73. Is b(-22) a composite number?
False
Let p(t) = t**2 + 9*t + 27. Let h be p(-6). Suppose -h*n + 2*n = -20713. Suppose 12 = -4*m, 2*s = -0*s + m + n. Is s a composite number?
True
Let v = 65 - 68. Let g(m) = 2*m**3 + 5*m**2 + 8*m + 5. Let y be g(v). Let o(b) = -30*b + 25. Is o(y) composite?
True
Let x(f) = -8*f**3 + 11*f**2 - 19*f - 14. Let g be x(9). Let s = g - -20227. Is s a composite number?
False
Let o(i) = 27470*i + 1539. Is o(5) prime?
True
Suppose 3*j = 4*n + 43117, 287*n = -3*j + 289*n + 43115. Is j prime?
False
Let l(w) be the second derivative of 3*w**4/4 - 5*w**3/3 - 13*w**2/2 - 21*w. Is l(-6) composite?
True
Suppose -2*p = 5*k - 3, -p - 4 = -3. Let c(d) = 2316*d + 5. Is c(k) composite?
True
Let m = 1856 + 1924. Suppose -3772 = -y + 2*b, -y - b - b = -m. Suppose -4*i - 2*s = -y, 4*i - 1466 = s + 2304. Is i prime?
False
Suppose w - 1924 = 814. Let c = w + -1341. Is c composite?
True
Let o(y) be the first derivative of 37*y**3/3 + 3*y**2/2 - 29*y + 244. Is o(11) a composite number?
False
Suppose 3475 = 5*y - 5*x, 2*x = 4*y - 0*x - 2776. Let f be 10/2 + y - 2. Let s = f - 205. Is s a prime number?
True
Let r(s) = s**3 - 11*s**2 - 80*s + 317. Is r(37) a composite number?
True
Suppose 0 = 75*z - 52*z - 3416581. Is z a composite number?
True
Suppose -173378 = 33*d - 37*d - 2*n, 0 = 4*d + 4*n - 173384. Is d prime?
False
Let o be 375/18 + (-1)/(-6). Suppose 174 + 974 = -7*x. Let f = o - x. Is f a composite number?
True
Let a = -247988 - -452411. Is a a prime number?
False
Let g = -392 - -375. Is g/(3/333*-3) a prime number?
False
Suppose -3*z + 78 = -2*v + z, -2*v = 2*z + 60. Is 3/v - 2251*(-32)/44 a prime number?
True
Suppose 55*j - 6815701 + 3605265 = 7681489. Is j a composite number?
True
Let g(j) = 15*j + 20. Let f(i) = -i + 1. Let s(m) = -f(m) - g(m). Is s(-3) composite?
True
Suppose -12 = -4*a - 0*a - 4*q, 5*a = -2*q + 24. Let f = 14 - a. Is (5/(f - -7))/(1/3837) composite?
False
Let k(l) = 2. Let q(r) = -4*r**2 + 20*r + 15. Let d(b) = -5*k(b) - q(b). Is d(-14) composite?
False
Suppose -c + 112045 = 2*n, 49*c - 336159 = 46*c + 2*n. Is c a prime number?
False
Suppose -5*c + 3*z = -39811, -c - 17*z + 7963 = -18*z. Is c composite?
True
Suppose 0 = -16*z - 10*z + 109460. Let l = z - 717. Is l a composite number?
True
Let o be (8 + -7)*-1*(-30)/(-2). Is (-98991)/o - ((-16)/10 + 2) composite?
False
Is 60/(-10) + 2553 - 8 a prime number?
True
Let z(p) = 9*p**3 - 15*p**2 + 12*p + 5. Let f be ((-44)/3)/(164/(-123)). Is z(f) a prime number?
True
Let m = 69 - 78. Let d be ((-93)/m)/((-7)/(-2247)). Let z = 4978 - d. Is z a prime number?
False
Suppose -2 = 111*i - 112*i. Suppose -2*p + p = 5*y - 5244, 0 = -i*p + 4*y + 10418. Is p a prime number?
False
Let n be (-6 + -2)*2/(-2). Let z(t) = 571*t**2 - 3*t - 53. Is z(n) prime?
True
Let l(r) = 108*r - 68. Let v(m) = m + 3. Let s(q) = l(q) - 3*v(q). Is s(28) composite?
True
Let f = -467174 - -736015. Is f a prime number?
True
Let v be (9 + 13)/(-1 - -2 - 0). Suppose 0 = -v*h + 27*h - 5. Is (1028/6)/h*(-3)/(-2) composite?
False
Is ((-1737882)/(-90))/((-24)/(-40)) a prime number?
True
Suppose 5*g = -5, 8 = -2*n + g + 5. Let c(h) = 821*h**2 + 3*h + 9. Is c(n) prime?
False
Let u(l) = 142774*l - 3605. Is u(1) a prime number?
True
Suppose b - 252 = -5*r, 0 = -2*r - 2*b - 0*b + 96. Let y = r + -40. Suppose s - y*s + 5530 = 0. Is s a composite number?
True
Suppose 28 = -23*g + 74. Let d = 3 + -1. Suppose -g*t = x + 3*x - 3670, 3*x - 2751 = -d*t. Is x a prime number?
True
Let l(g) be the third derivative of g**6/120 + 4*g**5/15 + 7*g**4/12 - 47*g**3/6 - g**2 + 11*g. Is l(-14) a composite nu